 -324. Let c = 707 - 684. Calculate the greatest common divisor of c and z.
23
Let g(m) = 2548*m**2 - 2*m + 2. Let u be g(-1). What is the greatest common factor of 203 and u?
29
Suppose -11 = -n + 5. Let d = -1536 + 1538. What is the highest common factor of n and d?
2
Suppose -2*n = 21*n - 529. Suppose -12*o + 833 = -5*o. Let t = o - 27. What is the highest common factor of n and t?
23
Suppose -13*c = -15*c - 84. Let u = 211 - c. Calculate the greatest common divisor of u and 23.
23
Let s = 24787 + -24392. What is the highest common divisor of s and 90?
5
Let a(u) = -116*u**2 + 482*u. Let n be a(2). Calculate the greatest common factor of n and 300.
100
Let l be -66*1/4*(32/12)/(-1). Let u be (-88)/(-12)*(-198)/(-12). Calculate the greatest common factor of l and u.
11
Let w(c) = 5*c**2 - 114*c + 645. Let o be w(6). Calculate the highest common factor of 611 and o.
47
Let g(f) = 20*f + 274. Let b be g(-12). Suppose -197 = -l - 5*p, l + 553 = 4*l - 4*p. What is the highest common factor of l and b?
17
Let w = -9614 - -10832. Calculate the highest common factor of w and 392.
14
Suppose 0*o + 237 = -o - 4*n, 0 = -n - 1. Let h = 79 - o. Let k = h - 177. What is the highest common factor of k and 54?
27
Suppose -1038 = -42*m - 324. Let g = -43 + 60. Calculate the greatest common factor of m and g.
17
Suppose -2*o + 52*b + 2910 = 47*b, -5*o + 2*b + 7338 = 0. Calculate the highest common factor of 1715 and o.
245
Let d be (2 + -299)/((-24)/16). Let v = 448 - d. Suppose a - 3*c - 72 = 0, 4*a - 3*c = v + 2. Calculate the greatest common divisor of a and 24.
12
Let o be 40/(-45) - (-683630)/90. Calculate the greatest common divisor of 196 and o.
49
Let u be 8/(-20) - 577/(-5). Let z = 226 + u. What is the highest common divisor of z and 31?
31
Suppose 0 = 40*r + 8*r - 16081 - 77903. Calculate the greatest common factor of r and 110.
22
Suppose -5*n = 5, n - 3 = 5*i - 14. Let r be 30/4 + (-1)/i. Let o = 71513 - 71464. Calculate the highest common factor of r and o.
7
Suppose -4*s = -2*t + t - 48237, 4*s - 4*t - 48216 = 0. Calculate the highest common divisor of s and 7.
7
Suppose -2*s = 5*y - 388 - 30, -2*s + 82 = y. What is the greatest common factor of y and 152?
4
Let r be -1*5*3/150 - (-2761)/10. Calculate the greatest common factor of 2139 and r.
69
Let p = 176 - 146. Suppose -2*l + 5*y = -l - 2, 3*l - 6 = -y. Suppose -l*x - 227 = -3*f, x = 4*f + 63 - 364. Calculate the highest common divisor of p and f.
15
Suppose -5*q - 165 = -4*j, j + 29*q = 32*q + 43. What is the greatest common factor of j and 275?
5
Let w = 477 - 539. Let n be w/(-1) + 6 + -4. Calculate the highest common divisor of 160 and n.
32
Let r = 88 + -86. Suppose -75 = 3*n - 3*q, q + 38 = -r*n - 0*q. Let t be (3 + n/2)*-2. What is the highest common divisor of 105 and t?
15
Let l be 200/15*18/4. Let y(w) = w**3 - 2*w**2 + 2*w + 3. Let k be y(0). Suppose 7 = -k*n - 8, 175 = 5*c - 5*n. What is the greatest common factor of c and l?
30
Let s(k) = 35*k + 1541. Let r be s(-39). What is the greatest common divisor of r and 572?
44
Suppose 5*a + 102*s + 68 = 103*s, -2*a = 3*s + 17. Let x be (a/4)/(98/(-392)). Calculate the greatest common divisor of 143 and x.
13
Let s = -576 + 919. What is the greatest common divisor of s and 189?
7
Let w be (875 - 74) + (-28)/(-2). Calculate the greatest common factor of 1956 and w.
163
Suppose -4*m = -2 - 26. Suppose 225 = 2*x + m*x. Let u = x + 41. Calculate the highest common factor of 22 and u.
22
Let y = 88 - 185. Let w = 97 + y. Suppose 3*c - 3*t - 228 = w, 128 = 2*c - 7*t + 11*t. Calculate the greatest common factor of 24 and c.
24
Let s be 70*1/(-4*(-4)/(1248/15)). Calculate the highest common divisor of 686 and s.
14
Let f = 829 + -824. Let l(j) = j**3 - 12*j + 15. Let k be l(f). What is the greatest common divisor of k and 680?
40
Suppose -5*k - 81 = 2*y - 6*y, -3*y + 4*k = -62. Suppose -42 = -y*h + 17*h. Let n be (-4)/(8/h)*2. Calculate the greatest common factor of n and 126.
14
Suppose 88*p + 4*p - 299112 = -114*p. Calculate the highest common divisor of 156 and p.
12
Let u = 318 - 317. Let r be ((-90)/6)/(u/(-15)). What is the greatest common factor of r and 75?
75
Let m = 3831 + -1586. What is the highest common factor of 5 and m?
5
Let x be (3168/(-2640))/(1/(-450)). Calculate the highest common factor of x and 3375.
135
Let a(x) = 2*x**2 - 21*x - 29. Let v be a(13). Suppose -v*f + 25*f = -88. Calculate the highest common divisor of 20 and f.
4
Let l(x) = -x**2 + 5*x + 1116. Let j be l(33). Calculate the highest common factor of 264 and j.
24
Let x(b) = -15*b - 1550. Let h be x(-108). What is the highest common factor of 15540 and h?
70
Let m = 2076 - 1992. What is the highest common factor of 36 and m?
12
Suppose 3*i + 68 = 5*i. Let j be -5*6/((-48)/8). Suppose -39 + 157 = 3*q - 4*y, 0 = -j*q + y + 174. What is the greatest common divisor of q and i?
34
Let m(j) = 92*j + 760. Let y be m(-8). Calculate the greatest common divisor of y and 1608.
24
Let t(p) = 388*p**2 + 229*p + 453. Let u be t(-2). Calculate the greatest common factor of u and 65.
13
Let j be (-35)/(-4) + 2/8. Let s = 659 - 336. Let l = s - 260. What is the highest common factor of l and j?
9
Suppose m + 123 = 120. Let k(q) = -5*q**3 - 6*q**2 - 8*q - 7. Let z be k(m). Let b(f) = -3*f - 4. Let a be b(-6). What is the highest common factor of z and a?
14
Let l(h) = 2*h**3 + 39*h**2 + 46*h + 71. Let f be l(-18). Calculate the greatest common factor of 80 and f.
5
Suppose 0 = -0*z + 2*z - 4*u - 1188, 2*z + 3*u = 1167. Let v = -536 + z. Calculate the highest common factor of 156 and v.
52
Suppose -2*y - 3*h + 2616 = 0, -46*y - 2*h = -41*y - 6529. Calculate the greatest common factor of y and 580.
145
Let s = -12205 + 15995. Calculate the greatest common factor of s and 30.
10
Let w = 2273 - 2043. Calculate the highest common divisor of w and 1886.
46
Suppose 0 = -16961*t + 16948*t + 728. What is the greatest common divisor of t and 968?
8
Suppose -2*t - 3*x = -61, 785*t = 788*t + 3*x - 81. What is the highest common factor of 3730 and t?
10
Let r(n) = 64*n**3 - 2*n**2 + 16*n - 18. Let c be r(3). What is the highest common factor of 15 and c?
15
Suppose -k = -5*x + 2*k + 5371, -x + 5*k = -1061. Suppose -5*j - q + 2*q + x = 0, 16 = 4*q. What is the greatest common factor of j and 24?
24
Let g = 8 - 3. Let n be 420/(-18)*(-12)/g. Let o be 3 - 6 - 87/(-1). Calculate the highest common divisor of n and o.
28
Let g be (-34)/(4/78*-3). Let z be (-49)/(-21) - 44/(-3). What is the highest common divisor of g and z?
17
Suppose -4*g + 181 = -c, 2*g + 6*c - c - 85 = 0. Suppose -5*y + 53 = 2*z, 0*z = 4*y - 5*z - 16. Calculate the highest common divisor of g and y.
9
Let o(w) = 154*w**3 + 3*w**2 - 3*w + 1. Let r be o(1). Let u = r - 140. What is the greatest common factor of 15 and u?
15
Let g(o) = -141*o + 6103. Let j be g(43). Calculate the greatest common factor of 8920 and j.
40
Let d be (-16)/20 + (-1739)/(-5). Let o = -215 + d. Suppose 4*t - 4*a - 100 - 8 = 0, a = -t + 17. Calculate the greatest common factor of t and o.
22
Let x(l) = -l**2 + 55*l - 614. Let o be x(33). Let i = -4 - -25. Calculate the highest common divisor of i and o.
7
Suppose -2*c + 3*q + 35 = 0, -5*q = -5*c + 10*c - 150. Suppose c = 47*d - 42*d. What is the highest common factor of 45 and d?
5
Let t(y) = -5*y - 76. Let o be t(-17). Suppose -f - 2 = 5*x, 0 = 5*f + o*x - 8*x - 62. Calculate the highest common factor of f and 221.
13
Let u = -1 - -12. Let l = -8907 - -8984. What is the greatest common factor of l and u?
11
Let q = 307 + -301. Suppose 5*r = 6*r + 4*h - q, -3*h - 12 = 0. Calculate the greatest common divisor of 22 and r.
22
Suppose 67*b + 9 = 2*f + 70*b, 2*b = 3*f - 7. Let v = 65 - -76. What is the highest common divisor of f and v?
3
Let d(p) = 9*p**2 + 5*p - 4. Let h be d(1). Let b be 2*(-12)/(-12) + h*1. Calculate the highest common divisor of 44 and b.
4
Let x(f) = -2*f + 45. Let z be x(12). Let g be (-2 + 49/z)/((-2)/(-42)). Suppose -g*p + 10*p = 156. Calculate the greatest common factor of p and 4.
4
Let t(r) = r**2 - r + 6. Let b be t(0). Let k = 123 - 153. Let x be (k/10)/(2/((-2)/1)). What is the greatest common factor of x and b?
3
Let q(j) = 320*j - 525*j + 90 - 925*j - 64 - 52. Let y be